visor of 76 and 3572.
76
What is the greatest common factor of 40 and 6620?
20
Calculate the greatest common divisor of 3 and 39.
3
What is the highest common factor of 23002 and 651?
217
Calculate the highest common divisor of 32403 and 42.
21
Calculate the highest common factor of 171 and 551.
19
Calculate the highest common divisor of 116 and 52.
4
Calculate the highest common factor of 12 and 195.
3
What is the greatest common factor of 189 and 21?
21
Calculate the greatest common divisor of 65 and 455.
65
What is the highest common factor of 3480 and 330?
30
What is the highest common divisor of 2196 and 72?
36
What is the greatest common factor of 2 and 478?
2
What is the greatest common factor of 377 and 13?
13
Calculate the greatest common divisor of 21 and 10164.
21
Calculate the greatest common factor of 8 and 14312.
8
Calculate the highest common factor of 328 and 8.
8
Calculate the highest common factor of 4188 and 12.
12
What is the highest common divisor of 500 and 10125?
125
Calculate the highest common divisor of 184 and 19.
1
What is the highest common factor of 35 and 2485?
35
Calculate the highest common divisor of 567 and 540.
27
What is the highest common divisor of 90 and 1008?
18
Calculate the greatest common factor of 3450 and 250.
50
Calculate the greatest common factor of 65 and 31798.
13
Calculate the greatest common factor of 649 and 11.
11
What is the greatest common divisor of 123 and 2009?
41
What is the highest common divisor of 135 and 15?
15
Calculate the greatest common factor of 752 and 16.
16
What is the highest common factor of 90 and 1350?
90
What is the highest common factor of 1134 and 182?
14
Calculate the highest common divisor of 1224 and 2628.
36
What is the highest common divisor of 6 and 750?
6
What is the greatest common divisor of 1035 and 805?
115
What is the greatest common divisor of 162 and 30?
6
Calculate the greatest common factor of 100 and 500.
100
Calculate the greatest common divisor of 1475 and 50.
25
Calculate the greatest common factor of 649 and 295.
59
Calculate the highest common divisor of 96 and 102.
6
What is the greatest common divisor of 20 and 3028?
4
Calculate the greatest common divisor of 187 and 55.
11
What is the highest common divisor of 46 and 2093?
23
Calculate the highest common divisor of 270 and 5.
5
What is the greatest common divisor of 441 and 98?
49
Calculate the greatest common factor of 35 and 835.
5
Calculate the greatest common factor of 1320 and 180.
60
Calculate the greatest common factor of 168 and 1092.
84
What is the highest common factor of 234 and 18?
18
What is the highest common factor of 632 and 2370?
158
What is the highest common factor of 495 and 55?
55
What is the greatest common factor of 30 and 40?
10
Calculate the greatest common divisor of 3370 and 10.
10
What is the greatest common factor of 231 and 1113?
21
Calculate the highest common factor of 801 and 9.
9
What is the highest common factor of 410 and 1394?
82
What is the highest common factor of 2 and 729?
1
What is the highest common factor of 4 and 23612?
4
What is the highest common factor of 4 and 412?
4
What is the highest common factor of 11574 and 90?
18
What is the highest common divisor of 284 and 71?
71
Calculate the highest common divisor of 1015 and 2485.
35
Calculate the highest common divisor of 161 and 4347.
161
What is the greatest common factor of 17352 and 288?
72
What is the greatest common divisor of 27 and 27?
27
What is the greatest common factor of 168 and 21?
21
Calculate the greatest common divisor of 806 and 434.
62
What is the highest common factor of 198 and 363?
33
Calculate the highest common factor of 1220 and 1891.
61
Calculate the greatest common divisor of 1971 and 11607.
219
What is the highest common divisor of 1704 and 24?
24
What is the highest common factor of 104 and 3848?
104
What is the highest common factor of 36 and 513?
9
What is the greatest common factor of 1001 and 182?
91
Calculate the greatest common factor of 33 and 48.
3
What is the highest common factor of 22 and 10?
2
What is the greatest common divisor of 880 and 55?
55
Calculate the greatest common divisor of 24 and 5412.
12
What is the greatest common factor of 81103 and 73?
73
What is the greatest common divisor of 481 and 26?
13
Calculate the greatest common divisor of 11834 and 366.
122
Calculate the highest common divisor of 75027 and 562.
281
Calculate the greatest common divisor of 204 and 48.
12
What is the highest common divisor of 99 and 143?
11
Calculate the highest common divisor of 237 and 3.
3
Calculate the highest common divisor of 1537 and 290.
29
What is the highest common factor of 3515 and 185?
185
What is the highest common factor of 69 and 903?
3
Calculate the highest common factor of 336 and 60.
12
What is the highest common divisor of 121 and 2783?
121
What is the highest common divisor of 20923 and 147?
49
What is the greatest common factor of 648 and 24?
24
What is the highest common factor of 5860 and 240?
20
Calculate the greatest common divisor of 1216 and 64.
64
What is the highest common factor of 280 and 252?
28
What is the highest common factor of 84 and 2748?
12
Calculate the highest common divisor of 800 and 256.
32
Calculate the greatest common factor of 132 and 58476.
132
What is the highest common divisor of 144 and 240?
48
What is the highest common factor of 1196 and 2?
2
Calculate the highest common factor of 208 and 4.
4
Calculate the greatest common divisor of 968 and 8.
8
Calculate the greatest common factor of 80 and 45.
5
What is the highest common divisor of 1212 and 204?
12
Calculate the greatest common factor of 244 and 1586.
122
Calculate the greatest common divisor of 8576 and 192.
64
Calculate the highest common divisor of 45 and 27.
9
What is the greatest common factor of 989 and 86?
43
Calculate the greatest common divisor of 406 and 98.
14
What is the highest common factor of 11061 and 9?
9
What is the highest common divisor of 264 and 96?
24
Calculate the highest common divisor of 5751 and 142.
71
What is the highest common divisor of 98 and 8?
2
What is the greatest common factor of 2864 and 16?
16
What is the greatest common factor of 40 and 36?
4
What is the highest common factor of 20 and 8420?
20
What is the highest common divisor of 357 and 21?
21
What is the greatest common divisor of 280 and 1260?
140
What is the greatest common factor of 10 and 13360?
10
Calculate the highest common divisor of 616 and 462.
154
What is the greatest common factor of 30 and 50?
10
Calculate the greatest common factor of 14 and 1043.
7
What is the greatest common divisor of 63 and 1715?
7
What is the greatest common factor of 17 and 272?
17
Calculate the highest common divisor of 1413 and 157.
157
What is the greatest common factor of 1496 and 264?
88
Calculate the highest common factor of 308 and 1463.
77
What is the highest common divisor of 52 and 2268?
4
What is the greatest common divisor of 2 and 14?
2
Calculate the highest common divisor of 8 and 244.
4
Calculate the highest common factor of 474 and 2923.
79
What is the greatest common divisor of 46 and 4186?
46
Calculate the highest common factor of 114 and 399.
57
What is the greatest common factor of 3204 and 108?
36
What is the greatest common divisor of 935 and 110?
55
Calculate the greatest common divisor of 74 and 888.
74
Calculate the greatest common divisor of 122 and 2806.
122
What is the greatest common divisor of 15568 and 224?
112
Calculate the greatest common factor of 36 and 126.
18
What is the highest common divisor of 28 and 42014?
14
Calculate the greatest common divisor of 44 and 88.
44
Calculate the greatest common factor of 57 and 456.
57
Calculate the greatest common divisor of 580 and 20.
20
Calculate the greatest common factor of 126 and 49.
7
What is the greatest common factor of 484 and 187?
11
What is the greatest common divisor of 35 and 3115?
35
Calculate the greatest common divisor of 180 and 280.
20
What is the greatest common divisor of 160 and 608?
32
What is the greatest common divisor of 7 and 1715?
7
Calculate the highest common factor of 8 and 248.
8
What is the greatest common divisor of 1092 and 42?
42
Calculate the highest common divis